 3 - -21)).
-24
Calculate (44 - 9) + -26 + 2.
11
Evaluate 2 + 1 + (-14 - -10) + -3 - -5.
1
-3 + 1 + (-6 - (-4 - 1)) - -2
-1
What is 179 + -176 + 16 + 1?
20
What is the value of -10 + 4 + (1 - (-4 - (-10 - 0)))?
-11
Calculate 22 + (3 - 3) + 5 + -15.
12
5 + -1 + 6 + -5 - 5
0
What is -4 + -20 - (83 + -105)?
-2
What is the value of -7 - (-42 + 61 + -12 + (1 - 6))?
-9
What is the value of 355 + -351 - (18 + -2)?
-12
(-3 - -13) + (-8 - (-8 - -10))
0
Evaluate (0 - -2) + (66 - 67) - 0.
1
(-20 - 4) + 33 + (-3 - (0 - 0))
6
What is the value of -10 - (-24 - (-9 - (-10 - -1)))?
14
What is the value of -7 + 11 - ((-99 - -112) + -1 + -18)?
10
What is the value of (-2 - 3) + 22 - 15?
2
What is the value of -14 + (15 - -8) + -23?
-14
What is the value of 926 + -907 - (1 + -2)?
20
What is the value of -10 - (-3 + -4 + 7 + -1)?
-9
What is 8 - (43 + -43 + -30)?
38
Evaluate 4 + -11 + 8 + 18.
19
Evaluate 1 + -11 + 27 + -8.
9
408 + -382 - (0 - -38)
-12
What is the value of 0 + 18 + (-10 - 57) + 66?
17
-27 - (1 - (1 - (-5 + 4)))
-26
Calculate -24 + 24 + (-38 + -1 - (29 + -35)).
-33
Calculate (-19 - -33) + -32 + 16.
-2
Evaluate 1 - -6 - 14 - 4 - -6.
-5
What is the value of 6 - ((20 - (-11 + 29)) + (1 - -20))?
-17
Evaluate 0 + (-1 - (3 + -10)) + 8 + -2.
12
-2 - ((3 - (-7 - -1 - -7)) + -6)
2
What is (-15 - -13) + 26 - 15?
9
2 - (-24 - 6) - (5 + 2 - -1)
24
Evaluate 4 - (-5 - (7 + -8 + 0) - -8).
0
-3 + (-3 + -22 - -5) + 10
-13
What is the value of 1 + 16 - (0 - (-2 - 5))?
10
-8 + -1 + 1 - (16 + -27 - -21)
-18
Evaluate (-12 + 3 - (-18 + 9)) + -12.
-12
Evaluate (40 - 30) + 13 + -16.
7
813 + -842 - (-15 - (1 + -1))
-14
Calculate (-8 + 9 - 6) + 17.
12
What is the value of (19 - (7 + 27)) + 14?
-1
What is 113 - 118 - (5 - 31)?
21
What is -4 + 2 + -2 + (-59 - -66)?
3
What is 17 + -13 + -3 + 17 + 1 + 5?
24
6 - 2 - (-46 + (17 - -12))
21
What is the value of 3 - (6 + (18 - 20) + (-1 - 0))?
0
1 + -9 + 3 + (2 + 7 - 20)
-16
Calculate -200 + 201 - (0 + (1 - -6)).
-6
10 + (13 - (-26 - -27))
22
Calculate -3 + 0 - (88 - 98).
7
What is the value of -32 + 10 - (15 - 29)?
-8
What is (-13 - -21 - 6) + -11?
-9
-9 + 3 + 18 + -9 + 1 + -7
-3
What is the value of -13 - (1 + 5 - (96 - 93))?
-16
What is the value of -12 - (-33 - -20 - (-15 - -1))?
-13
What is 94 + -141 + 27 - (0 - (-12 - 0))?
-32
Evaluate (-4 - ((9 - 10) + -6)) + 8.
11
What is the value of -9 + (2 - 0) + (30 - 24)?
-1
What is the value of 11 + -6 + ((-7 - -10) + -29 - -5)?
-16
-4 + (-6 - (-17 + -4 + 8))
3
110 + -119 - (-25 + 1)
15
-17 + 39 - (9 - -3)
10
What is 74 + (-36 + 35 - 36)?
37
Calculate -27 + (7 - (11 - (5 - -12))).
-14
Calculate 276 + -275 - (-1 - 1) - (0 - 0).
3
Calculate 32 + (-1 - 33) - 15.
-17
-1 + -10 - (-309 + 288)
10
What is (-3 - -5) + -6 - 3 - (49 - 65)?
9
Calculate (-8 - 8) + 12 + -2 + -1 + 15.
8
Calculate 3 - (1 + 9) - (-1 - (2 - 2)).
-6
What is -8 - (45 + -51 + (1 - (-1 - -2)))?
-2
Evaluate 1 + -1 - 10 - (33 + (-85 - -57)).
-15
What is 11 + (1 - (2 - 1)) + (-206 - -204)?
9
5 + (4 + -7 - -3)
5
What is the value of (-2 - -7 - 2) + 0 + -21 + 34?
16
What is the value of 46 + (20 - 65) + (4 - 2 - 1)?
2
1 + (4 - -5) + (-15 - (-16 + 0))
11
-1 - ((13 + -10 - -2) + 3 + 0)
-9
What is -440 + 440 - (0 + -19)?
19
Evaluate -20 - (14 - (34 + -8)).
-8
Evaluate 12 - (8 - 5) - 12.
-3
What is -1 + -13 + (9 - 30)?
-35
What is (-2 + -5 + 6 - -3 - -4) + 0?
6
Evaluate 23 + -1 + 116 + -131.
7
Evaluate 2 + 10 - 38 - -15.
-11
What is the value of 6 - ((5 - 4 - -5) + -8)?
8
Evaluate -5 + (-11 - -11) + 14 - -3.
12
What is -19 + 5 + 36 - 5?
17
Calculate 8 + -4 + (2 - -4).
10
What is 2 - -4 - (-10 + 18 + 1 + 4)?
-7
What is (-3 - -3) + 7 + 10 + -3 + -8?
6
Calculate 4 - (2 - (-2 - (-4 + (10 - 2)))).
-4
Calculate -91 - -36 - -44 - 0.
-11
Evaluate -46 - (-18 + 0) - -19.
-9
What is the value of 16 + -40 - 2 - -4?
-22
What is -2 + 1 + -2 - -7 - (-417 - -421)?
0
What is the value of 27 + -13 + 10 + -13?
11
Evaluate 0 - (1 - (-1 + 1 + 12 + -3)).
8
Evaluate 3 - (-4 + 3 + -2) - 9.
-3
Evaluate 2 + (-13 + 5 - ((3 - -2) + 0)).
-11
What is 1 + -13 + 16 + -3?
1
What is 4 + -9 + -1 + -4 + 4?
-6
Calculate 26 + -14 + -2 - -1.
11
Calculate 3 + 11 - (15 + -11).
10
What is -7 + 18 + -7 + 7?
11
What is -9 + (30 - (11 - 3))?
13
(2 - -9 - 9) + -5
-3
Evaluate 7 + (3 - (-5 + 10)) - 6.
-1
Calculate 7 + 32 + 10 - 64.
-15
What is 23 + -25 + 4 + 5?
7
Evaluate 22 + -76 - -49 - (-17 + 0).
12
Evaluate -10 - -1 - (-50 - (-16 - 36)).
-11
Calculate -9 - (4 - (2 - 2)).
-13
What is -2 + -1 + 8 + -204 + 194?
-5
-29 - (7 + -5 + -15 + 2)
-18
Evaluate -7 + 3 + 20 + (-11 - 1).
4
Calculate -62 + 79 - ((4 - (1 - 1)) + 2).
11
Calculate -12 - (17 + -11) - -13.
-5
What is -1 + 7 + -1 + -16?
-11
What is (-8 - -2) + (22 - 24)?
-8
What is -281 + 293 - (-4 + 0)?
16
Calculate (-8 + 1 - -7) + -10.
-10
26 + -11 - (-8 + 3 + 16)
4
(-10 - -23) + -20 - (0 - 0)
-7
What is -1 + (18 + -25 - -6)?
-2
Calculate 170 - 183 - (-1 - 20).
8
What is 0 + -5 + (6 + 2 - 6) + 5?
2
Evaluate 8 + 29 + 0 + -24.
13
Calculate 4 + 1 + 3 - (-15 + (-23 - -44)).
2
Calculate 20 - (3 + 8) - -1.
10
What is 4 + (-42 - -47) + (2 - 24)?
-13
-27 + (13 - -21) - (1 + 2 + -9)
13
Calculate (1 - 9) + (-3 - (7 + -20)).
2
What is 2 + -20 + -2 + 11?
-9
Evaluate 3 - -2 - 2 - (9 - 8) - -15.
17
Evaluate -15 - (5 + -39) - 9.
10
Calculate -13 - (-13 - (1 - 2)) - (-23 - -1).
21
What is (7 - (9 - (11 - -2)) - -14) + 0?
25
Evaluate 1 - 3 - 5 - ((4 - 3) + -3).
-5
What is the value of 78 + -76 + -1 + (0 - -13)?
14
Calculate -7 + 0 + (8 - 20) + 2.
-17
What is -67 - -70 - (8 + -1) - (4 - 2)?
-6
What is 5 + -1 + -18 + (-40 - -56)?
2
What is the value of 0 - -26 - (-19 + (35 - 5))?
15
Calculate 18 - 18 - (-5 + 4 - -3).
-2
What is (-5 - -19) + 1 - 29?
-14
What is the value of 12 - (0 + 1 + (-14 - -19 - 0))?
6
Evaluate -2 + 9 - (-7 + 27 + -10) - -16.
13
(-245 - -253) + -1 + (1 - 2)
6
-4 + (18 - 0) + (-58 - -68)
24
What is -9 + 7 + 10 + 2 + 2 + -2?
10
Calculate (5 - 1 - 7) + -9 + -1 + 5.
-8
What is 4 - (19 + -13 - -10 - -15)?
-27
24 - -1 - (2 + 8) - 6
9
Calculate 41 + (-23 - (-23 + 21)).
20
What is 5 - (-12 + (-12 - (-47 - -13)))?
-5
Calculate -1 + (16 - -2) + -2 - (-91 + 87).
19
Evaluate 23 + -10 + 16 + -9 - 7 - -4.
17
17 + ((-12 - -7) + 13 - 5) + -5
15
What is the value of (1 + (-10 - 11) - 11) + 8?
-23
Evaluate (-3 - (2 + -4 + 2 + 1)) + -14.
-18
What is the value of 20 + -24 + 7 - -8?
11
What is the value of (-36 - -55) + 3 + (-5 - (7 + -10))?
20
Evaluate -20 + 1 + 11 - -4.
-4
Evaluate (25 + -13 - 5) + -10 - (12 - 0).
-15
Evaluate 0 - (0 + 26 + -13).
-13
0 + -14 - (12 - -8)
-34
Evaluate (4 + -5 - (-5 - -1)) + -7 - -31.
27
-15 + (1 + 0 - 8 - -12) + 3
-7
13 + -6 + -9 + -8
-10
What is -2 + (12 - (1 + -3 - (8 - 16)))?
4
What is the value of (-15 - -7) + 15 + 14 + (-1 - -2)?
22
What is the value of 30 + -45 - (-21 - -6) - (-10 - 0)?
10
Evaluate 1038 + -1044 - (-1 - 18).
13
984 + -962 + (0 + -9 - 1)
12
What is the value of 12 - (-10 + (10 - 4 - -3))?
13
Calculate 31 + -18 - -7 - 39.
-19
What is the value of (13 + -19 + 7 - -11) + -13?
-1
What is the value of -31 + 21 - -3 - ((2 - 0) + -21)?
12
What is -13 + (17 - 5) + 3?
2
-3 + 1 + (-1403 - -1434)
29
(5 - (1 + -3 - -1)) + -2
4
-31 - (-9 - (-7 - (-11 - (-6 - 1))))
-25
What is (-23 - (2 - 28)) + (0 - 3)?
0
What is the value of (4 - (-8 + 7)) + 0 - 21?
-16
What is 4 + (-3 - -8) + 7 + -7?
9
What is (-45 - -92 - 34) + -22?
-9
(16 - 19) + (1 + 1 - 1) + 2
0
Evaluate -7 + 9 + 0 + -19.
-17
-7 - (-4 + -12) - (-2 - -9)
2
-1 + (-1 + 6 - -4 - 2)
6
What is -73 + 66 + (24 - 5)?
12
What is the value of -4 - ((6 - (-3 - -4) - 0) + -15)?
6
What is 1 - -1 - 2 - (317 - 328)?
11
What is the value of (5 - (-10 + 12 + 10)) + 5?
-2
What is the value of 12 + (-19 - -6) + -13?
-14
Evaluate -20 - (12 + 1 + -21 - -13).
-25
What is the value of 25 - (19 + -64 + 47)?
23
Calculate (34 + 1 - 9 - 15) + 12.
23
Evaluate 4 + -4 - (-66 + 58 - (-3 - -1)).
6
Evaluate -8 + -1 + (-71 - -67).
-13
What is -10 + 20 - (17 + -5)?
-2
What is 8 + 1 - (6 + 14 - 3)?
-8
What is the value of (11 - (-1 - -2)) + (50 - (147 - 94))?
7
What is the value of 9 + -13 - (-12 + 6 + 14)?
-12
Evaluate (-11 - (10 + -41)) + -3.
17
Calculate -6 + -3 + -1 + -11 + 14 + 7.
0
Evaluate (-2 - 4) + (3 - (7 + -13 - -7)).
-4
Evaluate -2 - (-4 - -6) - ((2 - -6) + -2).
-10
What